
What is the hundred thousands digit of 768215?
7
What is the hundreds digit of 13365365?
3
What is the tens digit of 30732556?
5
What is the units digit of 11385905?
5
What is the hundred thousands digit of 4869424?
8
What is the ten thousands digit of 623506?
2
What is the hundred thousands digit of 115338?
1
What is the ten thousands digit of 1108607?
0
What is the millions digit of 2644898?
2
What is the units digit of 3287634?
4
What is the tens digit of 724167?
6
What is the units digit of 3960226?
6
What is the hundred thousands digit of 2881575?
8
What is the units digit of 58170?
0
What is the thousands digit of 3006021?
6
What is the tens digit of 8355474?
7
What is the ten thousands digit of 886899?
8
What is the hundreds digit of 7284196?
1
What is the hundreds digit of 4711757?
7
What is the millions digit of 1167146?
1
What is the units digit of 21754883?
3
What is the tens digit of 23116191?
9
What is the tens digit of 1037?
3
What is the thousands digit of 100027?
0
What is the hundred thousands digit of 3752016?
7
What is the units digit of 125965?
5
What is the hundreds digit of 14477265?
2
What is the units digit of 644314?
4
What is the hundreds digit of 678706?
7
What is the ten millions digit of 22048691?
2
What is the millions digit of 3856556?
3
What is the ten thousands digit of 356663?
5
What is the hundreds digit of 337641?
6
What is the hundreds digit of 2562190?
1
What is the millions digit of 2101010?
2
What is the thousands digit of 941019?
1
What is the ten thousands digit of 1111382?
1
What is the units digit of 76386?
6
What is the hundred thousands digit of 144821?
1
What is the units digit of 7535736?
6
What is the hundred thousands digit of 948847?
9
What is the hundreds digit of 62504?
5
What is the tens digit of 7167793?
9
What is the tens digit of 528780?
8
What is the millions digit of 1124893?
1
What is the hundreds digit of 1989739?
7
What is the thousands digit of 1198487?
8
What is the hundred thousands digit of 5482172?
4
What is the ten thousands digit of 4241772?
4
What is the thousands digit of 21966?
1
What is the hundreds digit of 15445216?
2
What is the hundred thousands digit of 322407?
3
What is the tens digit of 474516?
1
What is the units digit of 624463?
3
What is the units digit of 279129?
9
What is the units digit of 184515?
5
What is the millions digit of 3649976?
3
What is the units digit of 1719769?
9
What is the thousands digit of 451827?
1
What is the thousands digit of 6971544?
1
What is the thousands digit of 3108670?
8
What is the hundred thousands digit of 3071738?
0
What is the ten thousands digit of 1858333?
5
What is the units digit of 636500?
0
What is the thousands digit of 249291?
9
What is the ten millions digit of 22809618?
2
What is the tens digit of 15469710?
1
What is the thousands digit of 243348?
3
What is the thousands digit of 442350?
2
What is the hundred thousands digit of 3149256?
1
What is the ten thousands digit of 2629834?
2
What is the tens digit of 541903?
0
What is the units digit of 28826003?
3
What is the units digit of 2850368?
8
What is the hundreds digit of 3266988?
9
What is the tens digit of 3670765?
6
What is the millions digit of 2809384?
2
What is the ten thousands digit of 12600484?
0
What is the hundreds digit of 195240?
2
What is the ten thousands digit of 3063012?
6
What is the thousands digit of 158821?
8
What is the tens digit of 12098717?
1
What is the millions digit of 1801559?
1
What is the tens digit of 1948160?
6
What is the hundreds digit of 520204?
2
What is the ten thousands digit of 14575369?
7
What is the ten thousands digit of 351899?
5
What is the ten thousands digit of 19713044?
1
What is the hundred thousands digit of 1241142?
2
What is the thousands digit of 59107?
9
What is the units digit of 572652?
2
What is the thousands digit of 31882541?
2
What is the millions digit of 2330729?
2
What is the hundreds digit of 6487084?
0
What is the hundreds digit of 196540?
5
What is the tens digit of 20313506?
0
What is the hundreds digit of 319936?
9
What is the ten thousands digit of 60644?
6
What is the units digit of 192741?
1
What is the thousands digit of 308198?
8
What is the hundred thousands digit of 10227871?
2
What is the hundred thousands digit of 7978357?
9
What is the units digit of 572542?
2
What is the units digit of 3190238?
8
What is the thousands digit of 84212?
4
What is the millions digit of 1117282?
1
What is the millions digit of 1056452?
1
What is the ten thousands digit of 266710?
6
What is the hundred thousands digit of 174965?
1
What is the hundred thousands digit of 887245?
8
What is the thousands digit of 11099863?
9
What is the hundred thousands digit of 2062633?
0
What is the thousands digit of 8637038?
7
What is the tens digit of 1959198?
9
What is the hundreds digit of 2157754?
7
What is the units digit of 23312?
2
What is the tens digit of 2951648?
4
What is the units digit of 2138600?
0
What is the thousands digit of 1584478?
4
What is the hundred thousands digit of 752338?
7
What is the units digit of 35790987?
7
What is the ten thousands digit of 465946?
6
What is the ten thousands digit of 19600?
1
What is the hundreds digit of 727816?
8
What is the units digit of 10368308?
8
What is the ten thousands digit of 1735530?
3
What is the thousands digit of 246404?
6
What is the hundred thousands digit of 4990040?
9
What is the tens digit of 265174?
7
What is the ten thousands digit of 2103496?
0
What is the thousands digit of 40314?
0
What is the hundred thousands digit of 984125?
9
What is the thousands digit of 4957826?
7
What is the units digit of 540935?
5
What is the thousands digit of 867988?
7
What is the tens digit of 4096155?
5
What is the tens digit of 65117?
1
What is the hundreds digit of 379816?
8
What is the hundred thousands digit of 253575?
2
What is the hundred thousands digit of 3789546?
7
What is the thousands digit of 303770?
3
What is the ten millions digit of 13885170?
1
What is the hundred thousands digit of 1823006?
8
What is the hundreds digit of 18001557?
5
What is the thousands digit of 440952?
0
What is the millions digit of 1455138?
1
What is the tens digit of 3979528?
2
What is the ten millions digit of 20351348?
2
What is the thousands digit of 5923703?
3
What is the millions digit of 14121250?
4
What is the units digit of 1323390?
0
What is the thousands digit of 1715353?
5
What is the hundreds digit of 247351?
3
What is the millions digit of 12772135?
2
What is the units digit of 385182?
2
What is the thousands digit of 518350?
8
What is the millions digit of 5917638?
5
What is the hundred thousands digit of 581812?
5
What is the units digit of 4815?
5
What is the units digit of 31240?
0
What is the millions digit of 2532848?
2
What is the tens digit of 1102571?
7
What is the hundred thousands digit of 588181?
5
What is the hundreds digit of 223326?
3
What is the ten thousands digit of 5683962?
8
What is the thousands digit of 7940375?
0
What is the hundreds digit of 236060?
0
What is the hundred thousands digit of 224785?
2
What is the units digit of 79347?
7
What is the tens digit of 318497?
9
What is the ten thousands digit of 606563?
0
What is the thousands digit of 229619?
9
What is the ten thousands digit of 4183685?
8
What is the units digit of 885816?
6
What is the thousands digit of 8887900?
7
What is the ten millions digit of 17907811?
1
What is the thousands digit of 483188?
3
What is the thousands digit of 327770?
7
What is the hundred thousands digit of 7700139?
7
What is the hundred thousands digit of 7382095?
3
What is the millions digit of 1067807?
1
What is the tens digit of 11369688?
8
What is the hundred thousands digit of 820234?
8
What is the hundreds digit of 9397991?
9
What is the ten thousands digit of 9929836?
2
What is the hundreds digit of 8413956?
9
What is the tens digit of 2141257?
5
What is the thousands digit of 5842761?
2
What is the tens digit of 17188155?
5
What is the hundred thousands digit of 1744240?
7
What is the ten thousands digit of 275098?
7
What is the thousands digit of 166899?
6
What is the ten thousands digit of 1087661?
8
What is the units digit of 353070?
0
What is the ten thousands digit of 781031?
8
What is the 